visor of p and 196?
49
Suppose -8304 + 49774 = 29*o. What is the highest common factor of 10 and o?
10
Let n = 30620 + -30520. Calculate the greatest common factor of 23 and n.
1
Let a(c) = -c**2 - 50*c - 311. Let f be a(-42). What is the highest common divisor of 3475 and f?
25
Let c(f) = 603*f - 48. Let l be c(5). Calculate the highest common divisor of l and 138.
69
Suppose 38*u + 22*u + 13*u - 2920 = 0. Calculate the highest common divisor of u and 860.
20
Let j(u) = -16*u + 12. Let m be -1 + 4 + -3 - -18. Let y be j(m). Let l = y + 419. What is the greatest common factor of 13 and l?
13
Let w(l) = -48*l - 31. Let y be w(-10). Let t be (-16)/(-24) - y/3. Let d = 285 + t. Calculate the greatest common divisor of 34 and d.
34
Suppose -140*a = 83*a - 53*a - 43180. Calculate the greatest common divisor of a and 14.
2
Let c be ((-4)/6)/(1 - 29/27). Suppose 8*d - c*d = 2. Let r be (-63)/(-18)*(d + 18/7). What is the highest common factor of 18 and r?
2
Let p = 999 - 74. What is the highest common divisor of p and 148?
37
Let r = 21543 - 21356. Let u(w) = 2*w + 7. Let m be u(5). Calculate the highest common factor of r and m.
17
Let g(q) = -857*q - 1090. Let l be g(-2). What is the highest common divisor of l and 884?
52
Suppose -z - 5*k - 3 = -7, 3*z = -k + 12. Suppose 3*j = 3*y + 33, 9*j + z*y - 100 = 4*j. Calculate the highest common divisor of j and 224.
16
Let d be (-456)/5*(-2 + 165/20)*-2. What is the greatest common divisor of 1805 and d?
95
Let m(w) = 9*w**2 - 4*w + 4. Suppose 1 = -8*a + 9. Let g be m(a). Let k(u) = u**2 + 14. Let n be k(-7). What is the greatest common factor of n and g?
9
Suppose 2*j - 19 - 13 = 0. Suppose -5*f - 2*w + 22 = -4, 0 = 5*f - 4*w - 38. Calculate the greatest common divisor of j and f.
2
Suppose 0 = v - 2*p - 3078, 2967 - 9108 = -2*v - p. Calculate the greatest common factor of 24 and v.
24
Let x = -120 - -126. Let a be 4*(x - 9 - -5). Let s be (-21)/(-3)*120/35. Calculate the highest common factor of s and a.
8
Let p(a) = a**2 + 10*a - 63. Let g(u) = 2*u**2 + 19*u - 130. Let y(k) = 3*g(k) - 5*p(k). Let n be y(-16). Calculate the greatest common divisor of 966 and n.
69
Suppose 0 = -7*p + 8*p - 5*q - 3163, 5*q = 5*p - 15855. Calculate the greatest common factor of 38 and p.
19
Suppose 3*a - t - 107 = 0, -106 = -5*a + 2*a + 2*t. Suppose -172*m + 2*k = -168*m - 490, -95 = -m - 5*k. What is the highest common factor of a and m?
12
Let x(l) = -40 - 16*l - l**2 + 12 + 13. Let h be x(-11). What is the greatest common factor of h and 8?
8
Suppose -33*k + 1953 = -7716. Let h = 294 - k. What is the highest common factor of h and 31?
1
Let d = 40 + -27. Suppose -d*t + 616 = -9*t. What is the highest common divisor of t and 14?
14
Let n be ((-24)/(-10))/3*35. Suppose 0 = 2*b - n - 92. Let c = 69 - b. What is the greatest common factor of 45 and c?
9
Suppose -6*a - 24 = -3*d - 9*a, 0 = a - 1. Suppose -4*y = -2*c - 60, -3*c + d*c = -2*y + 50. What is the greatest common factor of y and 187?
17
Suppose -3*x + 3*q + 232 + 968 = 0, -3*q - 12 = 0. Calculate the highest common divisor of x and 96.
12
Let p be 56/280 + 34/(-119) + 56216/70. What is the greatest common divisor of p and 730?
73
Let z be 10/(-3)*(-54)/45. Suppose -4*t - t = 3*k - 600, -4*t + 480 = -z*k. Calculate the highest common factor of t and 80.
40
Suppose 0 = -16*m + 211 - 19. Suppose -m*j = -92 - 1468. What is the greatest common divisor of j and 20?
10
Suppose 27348 = 24*m + 19*m. What is the greatest common divisor of 96 and m?
12
Suppose 5*z + 435 + 740 = 0. Let v be -8*4/8 - z. Let a = v + -115. Calculate the highest common divisor of a and 29.
29
Suppose -5*k = -12 + 52. Let r(p) = -13*p - 76. Let t be r(k). What is the highest common factor of t and 196?
28
Let o be 5/(-1 + 3 + -1). Suppose 78 = o*q + 2*v, v + v - 62 = -4*q. Let c be 2236/q + (-2)/(-8). Calculate the greatest common factor of 20 and c.
20
Let h(z) = 39*z - 244. Let x be h(8). Calculate the greatest common divisor of 272 and x.
68
Suppose 2*x - l - 472 + 2069 = 0, 3*l - 1607 = 2*x. Let m = -732 - x. What is the highest common factor of 416 and m?
32
Let c be 20/30 + (-2942)/(-6) - -2. Let y = c + -373. What is the highest common divisor of 72 and y?
24
Let j be 24238/2 - 544/(-68). What is the greatest common divisor of j and 268?
67
Let a be 4481 - 1*16/16. What is the highest common factor of 480 and a?
160
Let s = 72 - 75. Let k be (-4 - 8/s)/((-1)/96). Let z = 19 + -3. What is the highest common factor of z and k?
16
Suppose 0 = 2*n + 3*q - 12951 + 11239, -4*n + 3464 = 2*q. Suppose -3*i - z + 36 = 0, 61 - 7 = 3*i - 5*z. What is the highest common divisor of i and n?
13
Let y be 108*(-25)/(-100) - 24. What is the highest common factor of y and 448?
1
Let r be (95 - 3)*126/24. Let b(h) = h**3 + 6*h**2 - h - 9. Let f be b(-5). What is the highest common divisor of f and r?
21
Suppose -2*u + 4*w = -12576, -369*u = -367*u + 3*w - 12625. What is the highest common divisor of 548 and u?
274
Let n = 514 - 283. Let k = n - 153. Calculate the greatest common factor of k and 6.
6
Let y = 10029 + -9087. Calculate the greatest common divisor of y and 15.
3
Let c(d) = -60*d - 2*d**2 + 29*d - 6 + 42*d + 8. Let l be c(4). Calculate the greatest common divisor of l and 1022.
14
Let i be (-410)/164*((-679)/10 - 12/24). Calculate the highest common divisor of i and 2337.
57
Suppose -7*n - 3654 = -3927. Let c = 1265 + -524. Calculate the greatest common factor of c and n.
39
Suppose 2*w = 5*w - 18. Suppose -84 = -49*t + 112. What is the highest common divisor of w and t?
2
Let s be 6/(-8) - 15759/(-68). Let h = 235 - s. What is the greatest common divisor of h and 3?
1
Let n = -7531 + 7537. What is the greatest common divisor of 1686 and n?
6
Let k be 12768/420*(0 - 5/(-2)). Let i = -45 + k. Suppose -105*j - i = -106*j. Calculate the greatest common divisor of j and 31.
31
Let i(z) = 1052*z - 7299. Let x be i(7). Suppose 2*w - w - 33 = -5*r, w = r + 9. What is the highest common divisor of w and x?
13
Let f = -6305 + 9153. What is the greatest common divisor of 32 and f?
32
Let a be -4 - -4*(-10)/8. Let h be (4/6)/(2/a) - -115. Let p(t) = t**3 + 4*t**2 - 2*t + 8. Let j be p(-4). What is the greatest common factor of h and j?
16
Suppose 454 = 5*z - 246. Suppose 197*d = 172*d - 24025. Let h = 989 + d. Calculate the highest common factor of h and z.
28
Suppose -5*y + 4*w + 42 + 19 = 0, 3*w = 3. Let v be y - (-5 - -10 - 4). Suppose -9*b = -15 - v. What is the highest common factor of 24 and b?
3
Suppose 17*i = 12*i - 16*i + 14826. Calculate the highest common factor of 25063 and i.
353
Suppose 4*x + 31 = 91. Let p be 12*1/2*(-10)/(-4). What is the greatest common factor of p and x?
15
Let i(n) = -12*n - 159. Suppose 4*l - 4*r = -64, 3*l + 46 = -18*r + 20*r. Let a be i(l). Calculate the greatest common factor of 225 and a.
9
Suppose 2*g + 864 = -7*g. Let a = 474 + g. Calculate the highest common divisor of 14 and a.
14
Let f be (-25 - -42) + 29 - (24 - 4). Suppose 1 = 3*j - 0*j + 5*t, -t = 1. What is the greatest common factor of j and f?
2
Suppose -84*y - 5*c - 119 = -85*y, -4*y + 491 = -5*c. Let h = -22 - -53. What is the greatest common factor of h and y?
31
Let p = -2614 - -2616. What is the highest common factor of p and 153?
1
Let s be ((-3)/(-3) + 0)/(5/940). Let t be 44 - 1*(-5 - -2). Calculate the greatest common divisor of s and t.
47
Suppose 3 = x - 5*w + 20, -35 = -5*x + w. Suppose -63*t + 11*t = 39*t - 1274. Calculate the greatest common factor of t and x.
2
Suppose 0 = -10*y + 28*y - 1350. What is the greatest common divisor of 100 and y?
25
Let l(i) = 49*i - 1141. Let p be l(28). What is the greatest common factor of p and 84?
21
Suppose -11*d + 8*d = -2*i - 6776, d + 2*i - 2272 = 0. Let l be 4/(-6) + d/(-54)*-3. Calculate the highest common factor of 25 and l.
25
Let p(u) = -377*u - 601. Let z be p(-11). Calculate the greatest common factor of z and 18.
18
Let d = 1 - -2. Suppose -3*w + 18 = -0. Suppose -10*o + 15*o + 27 = 4*f, -2*o - w = 0. What is the greatest common factor of f and d?
3
Suppose 0 = -5*n - 27 + 2, 3*n = -p + 65. Suppose 4 = 10*d - 9*d. Let j be (-10)/(-3)*(2 + d). What is the highest common divisor of j and p?
20
Let r = 696 + -286. Suppose 0 = 176*y + 61*y + 482*y